 2105?
5, 421
List the prime factors of 4568.
2, 571
List the prime factors of 1156.
2, 17
What are the prime factors of 13870?
2, 5, 19, 73
List the prime factors of 16976.
2, 1061
List the prime factors of 115617.
3, 17, 2267
List the prime factors of 5469.
3, 1823
List the prime factors of 1018.
2, 509
List the prime factors of 1620.
2, 3, 5
List the prime factors of 98.
2, 7
What are the prime factors of 2753?
2753
What are the prime factors of 1086?
2, 3, 181
What are the prime factors of 33?
3, 11
What are the prime factors of 6715?
5, 17, 79
List the prime factors of 86426.
2, 79, 547
List the prime factors of 1780.
2, 5, 89
List the prime factors of 888.
2, 3, 37
List the prime factors of 24684.
2, 3, 11, 17
List the prime factors of 30251.
13, 179
List the prime factors of 54343.
31, 1753
What are the prime factors of 5821?
5821
List the prime factors of 2788.
2, 17, 41
List the prime factors of 166.
2, 83
List the prime factors of 2695.
5, 7, 11
List the prime factors of 12614.
2, 7, 17, 53
List the prime factors of 7744.
2, 11
What are the prime factors of 4470?
2, 3, 5, 149
List the prime factors of 1581.
3, 17, 31
What are the prime factors of 2633?
2633
List the prime factors of 2770.
2, 5, 277
List the prime factors of 14772.
2, 3, 1231
List the prime factors of 15462.
2, 3, 859
What are the prime factors of 8977?
47, 191
List the prime factors of 279.
3, 31
List the prime factors of 1491.
3, 7, 71
List the prime factors of 6113.
6113
What are the prime factors of 3842?
2, 17, 113
What are the prime factors of 2492?
2, 7, 89
What are the prime factors of 9897?
3, 3299
List the prime factors of 5322.
2, 3, 887
What are the prime factors of 82781?
82781
What are the prime factors of 470?
2, 5, 47
What are the prime factors of 469?
7, 67
What are the prime factors of 552?
2, 3, 23
What are the prime factors of 297?
3, 11
What are the prime factors of 16556?
2, 4139
What are the prime factors of 15278?
2, 7639
What are the prime factors of 1825?
5, 73
List the prime factors of 66207.
3, 29, 761
What are the prime factors of 4775?
5, 191
List the prime factors of 6440.
2, 5, 7, 23
List the prime factors of 103667.
83, 1249
What are the prime factors of 125?
5
List the prime factors of 189.
3, 7
List the prime factors of 999.
3, 37
What are the prime factors of 3556?
2, 7, 127
What are the prime factors of 3?
3
What are the prime factors of 2377?
2377
What are the prime factors of 935?
5, 11, 17
What are the prime factors of 8285?
5, 1657
List the prime factors of 457.
457
List the prime factors of 2523.
3, 29
List the prime factors of 15533.
7, 317
What are the prime factors of 57488?
2, 3593
List the prime factors of 117400.
2, 5, 587
List the prime factors of 604.
2, 151
List the prime factors of 2057.
11, 17
What are the prime factors of 772?
2, 193
List the prime factors of 3046.
2, 1523
List the prime factors of 12154.
2, 59, 103
What are the prime factors of 2820?
2, 3, 5, 47
List the prime factors of 10674.
2, 3, 593
What are the prime factors of 16242?
2, 3, 2707
List the prime factors of 296.
2, 37
What are the prime factors of 1143?
3, 127
List the prime factors of 578.
2, 17
List the prime factors of 33500.
2, 5, 67
What are the prime factors of 1563?
3, 521
What are the prime factors of 7959?
3, 7, 379
List the prime factors of 80.
2, 5
List the prime factors of 74679.
3, 11, 31, 73
What are the prime factors of 546?
2, 3, 7, 13
List the prime factors of 30470.
2, 5, 11, 277
What are the prime factors of 885?
3, 5, 59
What are the prime factors of 717?
3, 239
What are the prime factors of 49929?
3, 11, 17, 89
What are the prime factors of 37141?
13, 2857
List the prime factors of 1677.
3, 13, 43
List the prime factors of 2914.
2, 31, 47
What are the prime factors of 6353?
6353
What are the prime factors of 7897?
53, 149
What are the prime factors of 11813?
11813
What are the prime factors of 96778?
2, 11, 53, 83
List the prime factors of 37662.
2, 3, 6277
List the prime factors of 40206.
2, 3, 6701
List the prime factors of 1701.
3, 7
List the prime factors of 200.
2, 5
What are the prime factors of 5015?
5, 17, 59
What are the prime factors of 1610?
2, 5, 7, 23
What are the prime factors of 3461?
3461
What are the prime factors of 324?
2, 3
What are the prime factors of 45444?
2, 3, 7, 541
What are the prime factors of 1245?
3, 5, 83
List the prime factors of 12.
2, 3
List the prime factors of 36937.
43, 859
What are the prime factors of 55575?
3, 5, 13, 19
List the prime factors of 5438.
2, 2719
What are the prime factors of 1801?
1801
List the prime factors of 28273.
7, 577
List the prime factors of 1555.
5, 311
What are the prime factors of 23983?
29, 827
What are the prime factors of 15233?
15233
What are the prime factors of 58775?
5, 2351
What are the prime factors of 21597?
3, 23, 313
What are the prime factors of 46819?
46819
List the prime factors of 2631.
3, 877
List the prime factors of 8054.
2, 4027
What are the prime factors of 16206?
2, 3, 37, 73
What are the prime factors of 60098?
2, 151, 199
What are the prime factors of 9210?
2, 3, 5, 307
List the prime factors of 8652.
2, 3, 7, 103
What are the prime factors of 69?
3, 23
What are the prime factors of 26085?
3, 5, 37, 47
What are the prime factors of 27523?
17, 1619
List the prime factors of 18820.
2, 5, 941
List the prime factors of 13856.
2, 433
What are the prime factors of 896?
2, 7
What are the prime factors of 15689?
29, 541
List the prime factors of 3740.
2, 5, 11, 17
List the prime factors of 997.
997
What are the prime factors of 6123?
3, 13, 157
What are the prime factors of 40928?
2, 1279
What are the prime factors of 32075?
5, 1283
What are the prime factors of 536?
2, 67
What are the prime factors of 23427?
3, 19, 137
List the prime factors of 51.
3, 17
What are the prime factors of 1773?
3, 197
List the prime factors of 1110.
2, 3, 5, 37
List the prime factors of 4342.
2, 13, 167
What are the prime factors of 16892?
2, 41, 103
List the prime factors of 11582.
2, 5791
List the prime factors of 8936.
2, 1117
List the prime factors of 316.
2, 79
What are the prime factors of 9718?
2, 43, 113
List the prime factors of 3336.
2, 3, 139
What are the prime factors of 15983?
11, 1453
What are the prime factors of 2194?
2, 1097
List the prime factors of 3351.
3, 1117
List the prime factors of 124735.
5, 13, 19, 101
List the prime factors of 110764.
2, 27691
List the prime factors of 18557.
7, 11, 241
What are the prime factors of 33576?
2, 3, 1399
List the prime factors of 4068.
2, 3, 113
What are the prime factors of 19727?
19727
What are the prime factors of 3622?
2, 1811
List the prime factors of 43309.
7, 23, 269
List the prime factors of 26078.
2, 13, 17, 59
List the prime factors of 12604.
2, 23, 137
List the prime factors of 1950.
2, 3, 5, 13
List the prime factors of 21038.
2, 67, 157
List the prime factors of 36392.
2, 4549
What are the prime factors of 163257?
3, 54419
What are the prime factors of 20401?
23, 887
List the prime factors of 48.
2, 3
What are the prime factors of 11802?
2, 3, 7, 281
List the prime factors of 1199.
11, 109
What are the prime factors of 155242?
2, 77621
What are the prime factors of 1359?
3, 151
List the prime factors of 596.
2, 149
List the prime factors of 372.
2, 3, 31
What are the prime factors of 10346?
2, 7, 739
List the prime factors of 11998.
2, 7, 857
What are the prime factors of 1186?
2, 593
List the prime factors of 336.
2, 3, 7
What are the prime factors of 28629?
3, 3181
List the prime factors of 18023.
67, 269
List the prime factors of 3673.
3673
List the prime factors of 4987.
4987
What are the prime factors of 654?
2, 3, 109
What are the prime factors of 6259?
11, 569
List the prime factors of 4196.
2, 1049
What are the prime factors of 3440?
2, 5, 43
What are the prime factors of 7126?
2, 7, 509
What are the prime factors of 1223?
1223
What are the prime factors of 50341?
50341
List the prime factors of 264.
2, 3, 11
List the prime factors of 568.
2, 71
List the prime factors of 36644.
2, 9161
List the prime factors of 506.
2, 11, 23
What are the prime factors of 3056?
2, 191
List the prime factors of 654.
2, 3, 109
What are the prime factors of 20853?
3, 7, 331
What are the prime factors